{"id":15,"date":"2015-01-20T12:05:29","date_gmt":"2015-01-20T12:05:29","guid":{"rendered":"http:\/\/conservatoriodemusicadeolhao.com\/?page_id=15"},"modified":"2015-01-28T00:31:14","modified_gmt":"2015-01-28T00:31:14","slug":"oferta-educativa","status":"publish","type":"page","link":"https:\/\/www.conservatoriodemusicadeolhao.com\/?page_id=15","title":{"rendered":"Oferta Formativa"},"content":{"rendered":"<p><strong>Informa\u00e7\u00e3o Geral<\/strong><\/p>\n<p>Os novos alunos podem inscrever-se em diversos regimes de frequ\u00eancia \u2013 de acordo com a sua idade ou ano de escolaridade que frequentarem no presente ano letivo :<\/p>\n<ul>\n<li>M\u00fasica: Pr\u00e9-escolar<\/li>\n<li>M\u00fasica: Inicia\u00e7\u00e3o, correspondente ao 1.\u00ba ciclo do ensino b\u00e1sico (6 a 10 anos de idade);<\/li>\n<li>Curso B\u00e1sico de M\u00fasica: correspondente aos 2.\u00ba e 3.\u00ba ciclo do ensino b\u00e1sico;<\/li>\n<li>Curso Secund\u00e1rio de M\u00fasica;<\/li>\n<li>Cursos Livres \u00a0(todas as idades).<\/li>\n<\/ul>\n<p>A admiss\u00e3o de novos alunos \u00e9 sempre condicionada \u00e0 exist\u00eancia de vaga.<\/p>\n","protected":false},"excerpt":{"rendered":"<p>Informa\u00e7\u00e3o Geral Os novos alunos podem inscrever-se em diversos regimes de frequ\u00eancia \u2013 de acordo com a sua idade ou ano de escolaridade que frequentarem no presente ano letivo : [&hellip;]<\/p>\n","protected":false},"author":1,"featured_media":0,"parent":0,"menu_order":0,"comment_status":"closed","ping_status":"closed","template":"","meta":{"footnotes":""},"class_list":["post-15","page","type-page","status-publish","hentry"],"_links":{"self":[{"href":"https:\/\/www.conservatoriodemusicadeolhao.com\/index.php?rest_route=\/wp\/v2\/pages\/15","targetHints":{"allow":["GET"]}}],"collection":[{"href":"https:\/\/www.conservatoriodemusicadeolhao.com\/index.php?rest_route=\/wp\/v2\/pages"}],"about":[{"href":"https:\/\/www.conservatoriodemusicadeolhao.com\/index.php?rest_route=\/wp\/v2\/types\/page"}],"author":[{"embeddable":true,"href":"https:\/\/www.conservatoriodemusicadeolhao.com\/index.php?rest_route=\/wp\/v2\/users\/1"}],"replies":[{"embeddable":true,"href":"https:\/\/www.conservatoriodemusicadeolhao.com\/index.php?rest_route=%2Fwp%2Fv2%2Fcomments&post=15"}],"version-history":[{"count":3,"href":"https:\/\/www.conservatoriodemusicadeolhao.com\/index.php?rest_route=\/wp\/v2\/pages\/15\/revisions"}],"predecessor-version":[{"id":157,"href":"https:\/\/www.conservatoriodemusicadeolhao.com\/index.php?rest_route=\/wp\/v2\/pages\/15\/revisions\/157"}],"wp:attachment":[{"href":"https:\/\/www.conservatoriodemusicadeolhao.com\/index.php?rest_route=%2Fwp%2Fv2%2Fmedia&parent=15"}],"curies":[{"name":"wp","href":"https:\/\/api.w.org\/{rel}","templated":true}]}}