{"id":19,"date":"2015-01-20T12:10:03","date_gmt":"2015-01-20T12:10:03","guid":{"rendered":"http:\/\/conservatoriodemusicadeolhao.com\/?page_id=19"},"modified":"2025-09-28T14:25:15","modified_gmt":"2025-09-28T14:25:15","slug":"corpo-docente","status":"publish","type":"page","link":"https:\/\/www.conservatoriodemusicadeolhao.com\/?page_id=19","title":{"rendered":"Corpo Docente"},"content":{"rendered":"<p>Ano Letivo 2025-26<\/p>\n<p>Acorde\u00e3o :: Anabela Silva<\/p>\n<p>An\u00e1lise e T\u00e9cnicas de Composi\u00e7\u00e3o::\u00a0Nuno Rodrigues<\/p>\n<p>Curso Livre de Ballet | Dan\u00e7a Contempor\u00e2nea\u00a0 ::\u00a0 Laura Bagarr\u00e3o<\/p>\n<p>Classes de Conjunto :: Ana Moura |Rui Gon\u00e7alves | \u00a0Rui Martins | Anabela Silva | Patr\u00edcia Costa<\/p>\n<p>Forma\u00e7\u00e3o Musical ::\u00a0Anabela Silva | \u00a0Ana Moura | Nuno Rodrigues | Rui Gon\u00e7alves<\/p>\n<p>Flauta Transversal :: Irene Ribeiro<\/p>\n<p>Guitarra ::\u00a0Rui Martins<\/p>\n<p>Hist\u00f3ria da Cultura e das Artes :: Rui Gon\u00e7alves | Catarina Cameira\u00a0Sheldrick<\/p>\n<p>Inicia\u00e7\u00e3o Musical :: Ana Moura<\/p>\n<p>Piano :: Catarina Cameira Sheldrick | Patr\u00edcia Costa<\/p>\n<p>Viola d\u2019Arco :: Rui Gon\u00e7alves<\/p>\n<p>Violino :: Rui Gon\u00e7alves |\u00a0 Adelina Marques<\/p>\n<p>Violoncelo :: B\u00e1rbara Santos<\/p>\n<p>Dire\u00e7\u00e3o Pedag\u00f3gica ::\u00a0Anabela Silva e Rui Gon\u00e7alves<\/p>\n","protected":false},"excerpt":{"rendered":"<p>Ano Letivo 2025-26 Acorde\u00e3o :: Anabela Silva An\u00e1lise e T\u00e9cnicas de Composi\u00e7\u00e3o::\u00a0Nuno Rodrigues Curso Livre de Ballet | Dan\u00e7a Contempor\u00e2nea\u00a0 ::\u00a0 Laura Bagarr\u00e3o Classes de Conjunto :: Ana Moura |Rui [&hellip;]<\/p>\n","protected":false},"author":1,"featured_media":0,"parent":0,"menu_order":0,"comment_status":"closed","ping_status":"closed","template":"","meta":{"footnotes":""},"class_list":["post-19","page","type-page","status-publish","hentry"],"_links":{"self":[{"href":"https:\/\/www.conservatoriodemusicadeolhao.com\/index.php?rest_route=\/wp\/v2\/pages\/19","targetHints":{"allow":["GET"]}}],"collection":[{"href":"https:\/\/www.conservatoriodemusicadeolhao.com\/index.php?rest_route=\/wp\/v2\/pages"}],"about":[{"href":"https:\/\/www.conservatoriodemusicadeolhao.com\/index.php?rest_route=\/wp\/v2\/types\/page"}],"author":[{"embeddable":true,"href":"https:\/\/www.conservatoriodemusicadeolhao.com\/index.php?rest_route=\/wp\/v2\/users\/1"}],"replies":[{"embeddable":true,"href":"https:\/\/www.conservatoriodemusicadeolhao.com\/index.php?rest_route=%2Fwp%2Fv2%2Fcomments&post=19"}],"version-history":[{"count":27,"href":"https:\/\/www.conservatoriodemusicadeolhao.com\/index.php?rest_route=\/wp\/v2\/pages\/19\/revisions"}],"predecessor-version":[{"id":2684,"href":"https:\/\/www.conservatoriodemusicadeolhao.com\/index.php?rest_route=\/wp\/v2\/pages\/19\/revisions\/2684"}],"wp:attachment":[{"href":"https:\/\/www.conservatoriodemusicadeolhao.com\/index.php?rest_route=%2Fwp%2Fv2%2Fmedia&parent=19"}],"curies":[{"name":"wp","href":"https:\/\/api.w.org\/{rel}","templated":true}]}}