{"id":2357,"date":"2024-04-03T18:04:14","date_gmt":"2024-04-03T18:04:14","guid":{"rendered":"https:\/\/www.conservatoriodemusicadeolhao.com\/?page_id=2357"},"modified":"2026-04-25T18:22:45","modified_gmt":"2026-04-25T18:22:45","slug":"ano-letivo-24-25","status":"publish","type":"page","link":"https:\/\/www.conservatoriodemusicadeolhao.com\/?page_id=2357","title":{"rendered":"ANO LETIVO 25-26"},"content":{"rendered":"<h2><strong>ANO LETIVO 25-26<\/strong><\/h2>\n<h1>Acesso aos Cursos B\u00e1sicos e Secund\u00e1rios de M\u00fasica<\/h1>\n<h3>DOCUMENTOS A CONSULTAR:<\/h3>\n<p><strong><a href=\"https:\/\/www.conservatoriodemusicadeolhao.com\/wp-content\/uploads\/2025\/08\/MECI_-smartphones-2025-2026.pdf\">MECI_ smartphones 2025-2026<\/a><\/strong><\/p>\n<p><strong><a href=\"https:\/\/www.conservatoriodemusicadeolhao.com\/wp-content\/uploads\/2025\/04\/INFORMACAO-GERAL-25-26.pdf\">INFORMA\u00c7\u00c3O GERAL 25-26<\/a><\/strong><\/p>\n<p><strong><a href=\"https:\/\/www.conservatoriodemusicadeolhao.com\/wp-content\/uploads\/2025\/04\/REGULAMENTO-INTERNO-25-26-CMO_watermark.pdf\">REGULAMENTO INTERNO 25-26 CMO_watermark<\/a><\/strong><\/p>\n<p><strong><a href=\"https:\/\/www.canva.com\/design\/DAE65UqAwN0\/dOrOBQ02OwoEbmiYo5-xow\/view?utm_content=DAE65UqAwN0&amp;utm_campaign=designshare&amp;utm_medium=link2&amp;utm_source=uniquelinks&amp;utlId=hc50a444c18\">ENSINO ARTICULADO- O QUE \u00c9? ( INFORMA\u00c7\u00d5ES)<\/a><\/strong><\/p>\n<p><strong><a href=\"https:\/\/www.conservatoriodemusicadeolhao.com\/wp-content\/uploads\/2025\/04\/EDITAL-1-CONDICOES-DE-ACESSO-25-26-1.pdf\">EDITAL 1 CONDI\u00c7\u00d5ES DE ACESSO 25-26<\/a><\/strong><\/p>\n<p><strong><a href=\"https:\/\/www.conservatoriodemusicadeolhao.com\/wp-content\/uploads\/2025\/04\/EDITAL-2-PRECARIO-2025-26.pdf\">EDITAL 2 PRE\u00c7ARIO 2025-26<\/a><\/strong><\/p>\n<p><strong><a href=\"https:\/\/www.conservatoriodemusicadeolhao.com\/wp-content\/uploads\/2022\/05\/INSTRUMENTO-PROPRIO_NOTA-INFORMATIVA.pdf\">INSTRUMENTO PR\u00d3PRIO_NOTA INFORMATIVA<\/a><\/strong><\/p>\n<p><strong><a href=\"https:\/\/www.conservatoriodemusicadeolhao.com\/wp-content\/uploads\/2025\/04\/EDITAL-3-ALUGUER-DE-INSTRUMENTOS-25-26-1.pdf\">EDITAL 3 ALUGUER DE INSTRUMENTOS 25-26<\/a><\/strong><\/p>\n<p><strong><a href=\"https:\/\/www.conservatoriodemusicadeolhao.com\/wp-content\/uploads\/2025\/04\/Protocolo-Provas-de-Admissao-25-26.pdf\">PROTOCOLO PROVAS DE ADMISS\u00c3O 25-26<\/a><\/strong><\/p>\n<p><strong><a href=\"https:\/\/www.conservatoriodemusicadeolhao.com\/wp-content\/uploads\/2025\/04\/EDITAL-4-2025-26-RI.pdf\">EDITAL 4 2025-26 RI<\/a><a href=\"https:\/\/www.conservatoriodemusicadeolhao.com\/wp-content\/uploads\/2025\/07\/EDITAL6-RESULTADOS-PROVAS-ADMISSAO-25-26-BASICO.pdf\">EDITAL6 RESULTADOS PROVAS ADMISS\u00c3O 25-26 B\u00c1SICO 1\u00aa FASE<\/a><\/strong><\/p>\n<p><strong><a href=\"https:\/\/www.conservatoriodemusicadeolhao.com\/wp-content\/uploads\/2025\/04\/Edital-5-SERIACAO-CURSOS-INICIACAO-25-26.pdf\">Edital 5 SERIA\u00c7\u00c3O CURSOS INICIA\u00c7\u00c3O 25-26<\/a><\/strong><\/p>\n<p><strong><a href=\"https:\/\/www.conservatoriodemusicadeolhao.com\/wp-content\/uploads\/2023\/04\/PROJETO-EDUCATIVO_-2023-2026-CMO.pdf\">PROJETO EDUCATIVO_ 2023-2026 CMO<\/a><\/strong><\/p>\n<p><strong><a href=\"https:\/\/www.conservatoriodemusicadeolhao.com\/wp-content\/uploads\/2024\/04\/1o-ao-8-o-g-Matrizes_provas-Admissao-2024-25.pdf\">MATRIZES PROVAS DE ADMISS\u00c3O<\/a><\/strong><\/p>\n<p><strong><a href=\"https:\/\/www.conservatoriodemusicadeolhao.com\/wp-content\/uploads\/2024\/10\/CALENDARIO-ESCOLAR-M.EDUC-24-28.pdf\">CALEND\u00c1RIO ESCOLAR M.EDUC 24-28<\/a><\/strong><\/p>\n<p><a href=\"https:\/\/www.conservatoriodemusicadeolhao.com\/wp-content\/uploads\/2025\/07\/EDITAL6-RESULTADOS-PROVAS-ADMISSAO-25-26-BASICO.pdf\">EDITAL 6 RESULTADOS PROVAS ADMISS\u00c3O 25-26 B\u00c1SICO 1\u00aa FASE<\/a><\/p>\n<p><a href=\"https:\/\/www.conservatoriodemusicadeolhao.com\/wp-content\/uploads\/2025\/07\/EDITAL7-RESULTADOS-2o-FASE-PROVAS-ADMISSAO-25-26-BASICO.pdf\">EDITAL 7 RESULTADOS PROVAS ADMISS\u00c3O 25-26 B\u00c1SICO 2\u00aa FASE<\/a><\/p>\n<p><a href=\"https:\/\/www.conservatoriodemusicadeolhao.com\/wp-content\/uploads\/2025\/07\/EDITAL-8-RESULTADO-PROVAS-ADMISSAO-1o-CICLO-2025-26.pdf\">EDITAL 8 RESULTADO PROVAS ADMISS\u00c3O 1\u00ba CICLO 2025-26<\/a><\/p>\n<p><a href=\"https:\/\/www.conservatoriodemusicadeolhao.com\/wp-content\/uploads\/2026\/04\/INFORMACAO-USO-DE-TELEMOVEL-E-PERMANENCIA-NO-EXTERIOR.pdf\">INFORMA\u00c7\u00c3O- USO DE TELEM\u00d3VEL E PERMAN\u00caNCIA NO EXTERIOR<\/a><\/p>\n<p>&nbsp;<\/p>\n<p>&nbsp;<\/p>\n<h2><strong>ANO LETIVO 24-25<\/strong><\/h2>\n<p><strong><a href=\"https:\/\/www.conservatoriodemusicadeolhao.com\/wp-content\/uploads\/2024\/10\/Plano-Anual-de-Atividades-2024-25-CMOlhao_watermark.pdf\">PLANO ANUAL DE ATIVIDADES 2024-25 CMOlh\u00e3o<\/a><\/strong><\/p>\n<p><strong><a href=\"https:\/\/www.conservatoriodemusicadeolhao.com\/wp-content\/uploads\/2024\/10\/CALENDARIO-DE-PROVAS-ANUAL-2024-25-CMO.pdf\">CALEND\u00c1RIO DE PROVAS ANUAL 2024-25 CMO<\/a><\/strong><\/p>\n<p><strong><a href=\"https:\/\/www.conservatoriodemusicadeolhao.com\/wp-content\/uploads\/2024\/10\/calendario-escolar-musica-24-25-CMO.pdf\">CALEND\u00c1RIO ESCOLAR M\u00daSICA 24-25 CMO<\/a><\/strong><\/p>\n<p><strong><a href=\"https:\/\/www.conservatoriodemusicadeolhao.com\/wp-content\/uploads\/2024\/10\/CALENDARIO-BALLET-CMO-24-25.pdf\">CALEND\u00c1RIO DAN\u00c7A CMO 24-25<\/a><\/strong><\/p>\n<h4><strong><a href=\"https:\/\/www.conservatoriodemusicadeolhao.com\/wp-content\/uploads\/2024\/06\/R.I.24-24-CMO_watermark.pdf\">REGULAMENTO INTERNO CMO 24-25<\/a><\/strong><\/h4>\n<p>&nbsp;<\/p>\n<h2>OUTROS :<\/h2>\n<p><strong><a href=\"https:\/\/www.dgeste.mec.pt\/?destaque_1=contrato-de-patrocinio-2024-2030-listas-definitivas\">CONTRATO PATROC\u00cdNIO 2024-2030 LISTAS DEFINITIVAS<\/a><\/strong><\/p>\n","protected":false},"excerpt":{"rendered":"<p>ANO LETIVO 25-26 Acesso aos Cursos B\u00e1sicos e Secund\u00e1rios de M\u00fasica DOCUMENTOS A CONSULTAR: MECI_ smartphones 2025-2026 INFORMA\u00c7\u00c3O GERAL 25-26 REGULAMENTO INTERNO 25-26 CMO_watermark ENSINO ARTICULADO- O QUE \u00c9? ( [&hellip;]<\/p>\n","protected":false},"author":2,"featured_media":0,"parent":0,"menu_order":0,"comment_status":"closed","ping_status":"closed","template":"","meta":{"footnotes":""},"class_list":["post-2357","page","type-page","status-publish","hentry"],"_links":{"self":[{"href":"https:\/\/www.conservatoriodemusicadeolhao.com\/index.php?rest_route=\/wp\/v2\/pages\/2357","targetHints":{"allow":["GET"]}}],"collection":[{"href":"https:\/\/www.conservatoriodemusicadeolhao.com\/index.php?rest_route=\/wp\/v2\/pages"}],"about":[{"href":"https:\/\/www.conservatoriodemusicadeolhao.com\/index.php?rest_route=\/wp\/v2\/types\/page"}],"author":[{"embeddable":true,"href":"https:\/\/www.conservatoriodemusicadeolhao.com\/index.php?rest_route=\/wp\/v2\/users\/2"}],"replies":[{"embeddable":true,"href":"https:\/\/www.conservatoriodemusicadeolhao.com\/index.php?rest_route=%2Fwp%2Fv2%2Fcomments&post=2357"}],"version-history":[{"count":36,"href":"https:\/\/www.conservatoriodemusicadeolhao.com\/index.php?rest_route=\/wp\/v2\/pages\/2357\/revisions"}],"predecessor-version":[{"id":2900,"href":"https:\/\/www.conservatoriodemusicadeolhao.com\/index.php?rest_route=\/wp\/v2\/pages\/2357\/revisions\/2900"}],"wp:attachment":[{"href":"https:\/\/www.conservatoriodemusicadeolhao.com\/index.php?rest_route=%2Fwp%2Fv2%2Fmedia&parent=2357"}],"curies":[{"name":"wp","href":"https:\/\/api.w.org\/{rel}","templated":true}]}}