{"id":2832,"date":"2026-04-20T10:18:14","date_gmt":"2026-04-20T10:18:14","guid":{"rendered":"https:\/\/www.conservatoriodemusicadeolhao.com\/?post_type=tribe_events&#038;p=2832"},"modified":"2026-04-20T10:18:14","modified_gmt":"2026-04-20T10:18:14","slug":"participacao-na-feira-da-juventude-e-associativismo-auditorio-municipal-olhao","status":"publish","type":"tribe_events","link":"https:\/\/www.conservatoriodemusicadeolhao.com\/?tribe_events=participacao-na-feira-da-juventude-e-associativismo-auditorio-municipal-olhao","title":{"rendered":"PARTICIPA\u00c7\u00c3O NA FEIRA DA JUVENTUDE E ASSOCIATIVISMO &#8211; AUDIT\u00d3RIO MUNICIPAL OLH\u00c3O"},"content":{"rendered":"<p>CORO II \/ CLASSE DE GUITARRA<\/p>\n<p>ENTRADA LIVRE<\/p>\n","protected":false},"excerpt":{"rendered":"<p>CORO II \/ CLASSE DE GUITARRA ENTRADA LIVRE<\/p>\n","protected":false},"author":2,"featured_media":0,"template":"","meta":{"_tribe_events_status":"","_tribe_events_status_reason":"","footnotes":""},"tags":[],"tribe_events_cat":[],"class_list":["post-2832","tribe_events","type-tribe_events","status-publish","hentry"],"_links":{"self":[{"href":"https:\/\/www.conservatoriodemusicadeolhao.com\/index.php?rest_route=\/wp\/v2\/tribe_events\/2832","targetHints":{"allow":["GET"]}}],"collection":[{"href":"https:\/\/www.conservatoriodemusicadeolhao.com\/index.php?rest_route=\/wp\/v2\/tribe_events"}],"about":[{"href":"https:\/\/www.conservatoriodemusicadeolhao.com\/index.php?rest_route=\/wp\/v2\/types\/tribe_events"}],"author":[{"embeddable":true,"href":"https:\/\/www.conservatoriodemusicadeolhao.com\/index.php?rest_route=\/wp\/v2\/users\/2"}],"version-history":[{"count":1,"href":"https:\/\/www.conservatoriodemusicadeolhao.com\/index.php?rest_route=\/wp\/v2\/tribe_events\/2832\/revisions"}],"predecessor-version":[{"id":2833,"href":"https:\/\/www.conservatoriodemusicadeolhao.com\/index.php?rest_route=\/wp\/v2\/tribe_events\/2832\/revisions\/2833"}],"wp:attachment":[{"href":"https:\/\/www.conservatoriodemusicadeolhao.com\/index.php?rest_route=%2Fwp%2Fv2%2Fmedia&parent=2832"}],"wp:term":[{"taxonomy":"post_tag","embeddable":true,"href":"https:\/\/www.conservatoriodemusicadeolhao.com\/index.php?rest_route=%2Fwp%2Fv2%2Ftags&post=2832"},{"taxonomy":"tribe_events_cat","embeddable":true,"href":"https:\/\/www.conservatoriodemusicadeolhao.com\/index.php?rest_route=%2Fwp%2Fv2%2Ftribe_events_cat&post=2832"}],"curies":[{"name":"wp","href":"https:\/\/api.w.org\/{rel}","templated":true}]}}

PARTICIPAÇÃO NA FEIRA DA JUVENTUDE E ASSOCIATIVISMO &#8211; AUDITÓRIO MUNICIPAL OLHÃO
